7 + 7)
15
What is -195 + 174 - (3 - 13)?
-11
Evaluate 1 - 0 - 4 - (12 - (24 + 0)).
9
Evaluate -4 + 0 - (-17 - (-11 - -2)).
4
Calculate 3 + (-3 - 1 - (4 - 2)).
-3
-1 + (-23 - -44) - (-2 - -13)
9
Evaluate 26 + -46 + -5 + 41.
16
What is 0 - 13 - (-37 - -36)?
-12
Calculate (1 - -5) + (154 - 169).
-9
What is 33 + (-29 - 4) + -25?
-25
(1 - -21 - -19) + (-11 - (2 + -3))
31
What is the value of -16 + -4 + 11 + 4 + 0 + -7?
-12
What is -11 + (1 - -5) + 14 + (9 - -1)?
19
What is (10 - (19 + -6 - -4)) + 45?
38
Evaluate 46 + -39 + (-3 - 11).
-7
Calculate -10 - (14 - (33 + -3)) - -5.
11
Evaluate -5 + -34 + 21 + (2 - -3).
-13
2 - -6 - -12 - (-5 + 10 + -2)
17
What is the value of -2 + (-5 - -1) - ((8 - 14) + 11)?
-11
What is 3 + -3 + -10 - (-8 + 1 + 8)?
-11
What is the value of -258 + 275 + -14 + 1?
4
Evaluate -1 + 1 - (89 + (-80 - 25)).
16
What is the value of -6 - (-13 + (5 - 0) + -14)?
16
Evaluate 18 + (-27 - -10 - -1).
2
What is -15 + (15 - (8 - 3))?
-5
7 + 8 + -2 + -14
-1
Calculate -18 + (14 - 27) - -17.
-14
Evaluate 2 + -29 + (1 - -4 - (47 - 42)).
-27
What is the value of -9 + 2 + (-8 - ((9 - 3) + -17))?
-4
Evaluate 1 - 21 - (-259 - -264) - (-1 + 0).
-24
Calculate 0 + -2 - -4 - ((-18 - -1) + 12).
7
What is 19 + -49 + 10 - -13?
-7
What is (0 - -3) + -1 - (10 - 5)?
-3
What is the value of (8 - 0) + 26 + 5 + -18 + 1?
22
Calculate 3 + -3 - (-49 - -62).
-13
Evaluate 6 + -1 - -8 - (-2 - -8).
7
What is (10 - -6) + -20 - (-2 - (1 - 4))?
-5
Calculate -5 + (1 - (-15 - (-5 - 1))).
5
Calculate 1 + 21 - (9 - -30).
-17
What is (20 - 22) + (6 - 2) + -3?
-1
Calculate 6 - 0 - (-203 - -203) - 7.
-1
What is the value of (9 - 24) + 16 + -2?
-1
What is the value of -2 + -11 + 5 + (14 - 13)?
-7
Evaluate 2 + -12 + (-23 - -16) + 4 + -1.
-14
What is 33 + (-8 - (1 - (-7 - -7)))?
24
Calculate -5 + 5 + 2 + -3 - -5.
4
Evaluate -1 - (6 - -6 - 17).
4
Calculate -3 + 6 + -1 + 1 + -15.
-12
What is -18 + (0 - -6) + 7 - -2?
-3
What is the value of 17 - (11 + 1 + -6 + (-1 - -1))?
11
What is the value of (4 - (3 + -3)) + -1 - -3?
6
Calculate 15 - ((13 + -12 - 11) + 24).
1
Calculate 21 + -7 + -15 - -4.
3
What is the value of 9 + -15 + (1 - -9) - 35 - 1?
-32
Evaluate -11 - (-63 + 62 - (-2 - -28)).
16
What is the value of (4 - 16) + 0 + 5 + 4 - -4?
1
What is the value of -11 - (4 + 4 + -8)?
-11
What is (-61 - -32) + 94 - 33?
32
-1 + 0 + (-26 - -59) + -37
-5
(-1 - 9 - -3) + (-3 - -16) + 4
10
Calculate 5 + (7 - -14) + (2 - -1).
29
Evaluate 2 + 6 - (-39 + 49 - (-1 + 4)).
1
Calculate (-18 - -9) + 9 + -1 + 5 + 2.
6
Calculate -63 - -58 - (-1 + -8) - -4.
8
Calculate 24 - 25 - (-13 + -3).
15
What is the value of -13 + 22 + -7 + -12 - 16?
-26
6 + 12 + -1 + -20
-3
Evaluate 6 - (-1 + (-26 - 1) + (22 - 19)).
31
23 - (-2 + -8 - -30)
3
Calculate -13 - ((8 - 1) + 2 + -10).
-12
Evaluate 29 - ((1 - 10) + 1 - (-52 + 36)).
21
Evaluate 16 - (30 + -11 + 24 + -17).
-10
Calculate (-9 - 0) + -1 + (886 - 861).
15
What is the value of -1 - -7 - (-25 + (25 - -6))?
0
-12 + (-5 - -17) + 6
6
What is 8 + -2 + 16 + -6 + -2?
14
-5 + 17 + -10 + -13 + -3
-14
Evaluate -12 + 12 - (-4 - 2 - -2).
4
What is 22 + -8 + -6 - (9 - 5 - -12)?
-8
7 - (-2 + 1 + (12 - -20))
-24
(5 - 9) + 9 + -2 - (-38 + 44)
-3
-9 - (13 + -2 - (-8 - -20))
-8
1 + 8 - (-314 + 318 - (-4 + 2))
3
What is the value of -4 + 13 + -11 + 0 + -3?
-5
What is the value of 1 + -2 + -4 - (-36 + -21 + 28)?
24
Evaluate -3 + (-6 - (-6 - (5 - 7)) - 11).
-16
4 - (-7 + 8 + 2) - (4 - 12)
9
-1 + 0 - (-1 - -33 - (82 - 72))
-23
-23 + -19 + 37 + -11
-16
What is the value of -8 - (3 + 6 - (3 + -2 + -2))?
-18
What is the value of (-4 - 3) + 9 + -1 + (-148 - -130)?
-17
What is the value of (1 - (12 + -8) - -9) + -12?
-6
What is the value of (-36 - (-6 + (-1 - -2))) + -19 + 22?
-28
Evaluate 11 - (-1 - -9) - (5 + -1).
-1
Evaluate (1 - (2 - 1)) + (9 - (-1 - -15)).
-5
What is 18 - (5 + -11 + 11)?
13
Calculate -6 + (4 - -7) - 12.
-7
Calculate -1 - ((-3 - -12) + (15 - 23)).
-2
Calculate (-2 - 3) + 6 + -14 + 5 + 31.
23
21 - (0 + (10 + 4 - -3))
4
Evaluate (-19 - (1 - 3)) + (-1 + 6 - 6).
-18
Evaluate 3 + (-3 - -5) + -55 + 56.
6
-7 - (-6 + 2 - (0 - 4))
-7
Calculate (-1 - -6) + (6 + -24 - -25).
12
29 + (34 - 16) - 25
22
What is 13 + (-1 - (8 - 9)) + -2 + -4?
7
What is the value of -7 - -15 - (12 + -10) - 1?
5
17 - (5 + (-10 - -5) - (0 + 3))
20
24 - 6 - ((-2 - 3) + 11)
12
What is -18 - -66 - (11 + 17)?
20
What is (-1 - (8 - -2) - -22) + -19?
-8
-116 + 114 - (0 + 3 + 4)
-9
Evaluate 7 + -12 + 13 - 0.
8
What is the value of 47 - (26 - (22 - 10)) - 15?
18
What is 1 + 7 + -1 + 1 + -16 + -6?
-14
Calculate (7 - 31) + 16 + 19 - 20.
-9
Calculate -6 + (35 - 13) + -56.
-40
(10 - (11 + -2 + 1)) + -5
-5
Evaluate -11 + (0 - -1) - (-133 - -135).
-12
(-3 - (-13 - 4)) + (2 - (-15 - -11))
20
What is -6 + (-36 - -58) + -33 + 2?
-15
-14 + -5 + (-8 - -1 - -5)
-21
Calculate -30 - -4 - (-60 + 46).
-12
861 + -835 + (-4 - 0 - (3 - 2))
21
Evaluate -2 - ((-1 - 0) + 0 - 2) - -3.
4
What is the value of (19 - 24) + 2 + -1 + -1?
-5
What is -3 + (14 + (9 - 12) - 4)?
4
16 + (2 - 13) + -16
-11
Evaluate -34 - -37 - (3 + 1) - 11.
-12
Calculate -14 + (27 - 28) - -24.
9
7 + (-7 - -13) + (12 - 18)
7
-3 + (-5 - ((-4 - 0) + -2))
-2
What is 4 - -30 - (4 + (-3 - (-4 - 0)))?
29
What is the value of 4 + (-12 - -13) - (-2 - 10)?
17
(-5 - -3) + -1 - -9 - 15
-9
0 + (18 - 1) + 61 + -106 + 48
20
What is (-1 - -1 - -1) + (-1 - 9 - -4)?
-5
4 + 2 - (-32 + -9 + (-3 - -21))
29
What is the value of -9 + (14 - 16 - 0)?
-11
(-80 - -8) + 28 - -41
-3
What is the value of 7 - (-16 + 18 + -8)?
13
What is the value of 1 + 0 + 231 + -237?
-5
Evaluate (10 + 6 - 10) + -6.
0
What is the value of (1 - 3) + 13 + (19 - 10)?
20
Calculate -23 + 5 + 11 + -1.
-8
(-16 - 5) + -54 + 50
-25
What is (-1 + -17 - 8) + (3 - -10)?
-13
16 - 13 - (-6 + 10 - -2) - -3
0
Calculate -39 - (39 + -16 + -53).
-9
Calculate 22 - (10 + (8 - (19 - 12))).
11
Evaluate 2 - (5 + -5 + 10 + 6).
-14
What is the value of -2 - (-15 + 15 - (-1 - -3))?
0
What is the value of -21 + (17 - 1) + (-1 - (-1 - -1))?
-6
What is the value of 13 - 0 - (7 + (-5 + 6 - 16))?
21
What is the value of (25 - 19) + (-3 - (5 + 1)) + 4?
1
What is -10 + (9 - 17) + 14 + 0?
-4
Calculate -10 - ((-140 - -149) + (0 - 26)) - -7.
14
41 + 13 + -30 - 10
14
Calculate -4 + -1 + (-6 + 2 - (-13 - -2)).
2
Evaluate -16 - (13 + (-9 - 8) + 10).
-22
(2 - (16 + -13)) + -4 + 1 + -1
-5
Calculate -5 - ((-14 - -34) + -23).
-2
What is the value of -2 + -9 + -4 + 22 + 6?
13
(8 - (1 + 22)) + 5 + 16 + -20
-14
Evaluate -2 + 3 + -10 + -3 + 14 - 4.
-2
Evaluate (-26 - -10) + 13 + -6.
-9
What is 12 + -8 + -19 + 5 + -10 + 7?
-13
What is the value of 12 + -35 + 10 - 7?
-20
Evaluate -35 + (-2 - (23 - 25)).
-35
What is the value of 39 + -46 - (-2 - 5 - 2)?
2
What is -3 + -1 + (291 - 272)?
15
What is the value of -295 + 305 - (-8 + (0 + 0 - 0))?
18
Evaluate (8 - (-8 + 6)) + 23 + -58.
-25
1 + 4 + (-31 - -27) - (-5 + 4)
2
Calculate (-8 - -19) + -6 + (-1 - -5).
9
Calculate (-12 - -30 - 9) + -17 + 19.
11
Evaluate -1 - (-1 - -5) - (42 + -16 + -29).
-2
Evaluate -13 + 1 + 16 + -19.
-15
Evaluate (-12 + 21 - (-5 - -9)) + -17.
-12
-4 + (7 - (10 - 16)) + -45
-36
11 - (11 - 3) - (17 - 3)
-11
Calculate 0 - (-5 + (17 - 8)).
-4
(0 + 18 - 21) + -7 + 0
-10
4 - ((-17 - -26) + -14 + -1)
10
What is 6 + (-10 - -16) + (-6 - -4)?
10
What is 9 + (-2 + 9 - 5 - 0)?
11
What is (6 - (-6 + (7 - 4))) + (-4 - 2)?
3
What is 3 + -6 - (-2 - (-7 - -2)) - 1?
-7
(25 - 16) + 5 + 0
14
What is the value of -1599 + 1581 - (-28 - 1)?
11
Calculate (-5 - -5 - 5) + (-23 - -17) + 0.
-11
-12 + 2 - (-11 + 4 + 5 + -2)
-6
Calculate (-34 + 66 - 37) + (0 + 0 - -7).
2
9 - (-12 - -8) - (10 + -2)
5
What is 33 + -29 + 1 + -2 + -17?
-14
Calculate 10 - ((9 - 19 - -10) + 14).
-4
(27 - 37) + 3 + 1 - -4
-2
What is -9 - 0 - (-564 - -548)?
7
What is 5 - (-13 - -3 - (0 - (-18 + 17)))?
16
(-43 - (-62 + 23 + 26)) + -4 + 1
-33
What is the value of -4 + -22 - -2 - -35?
11
5 - ((-15 - 1) + (13 - 7))
15
What is the value of 3 + -37 + (53 - 64 - (-21 + 1))?
-25
Calculate -5 + 1 + (0 - (-1 - (0 - 1))).
-4
What is 9 + -9 + 0 + 9?
9
What is the value of -25 - ((18 - 38) + 18)?
-23
What is -11 + 9 + (5 - 7) - (-20 - 2)?
18
Evaluate -5 + 11 + (1 - (-2 + -3)).
12
What is ((16 - 0) + -5 - (2 - 5)) + 8?
22
Evaluate (-24 + 32 - (1 - 10